363 and 225.
9
Calculate the greatest common divisor of 2009365 and 1580.
395
Calculate the highest common factor of 12001 and 55.
11
Calculate the greatest common divisor of 5472 and 132.
12
What is the highest common factor of 15066 and 59706?
558
What is the greatest common factor of 342584 and 952?
136
Calculate the highest common factor of 1131527 and 142.
71
What is the greatest common divisor of 34 and 59891?
17
Calculate the greatest common divisor of 366226 and 6216.
518
What is the highest common factor of 302748 and 24?
12
Calculate the greatest common factor of 1376507 and 289.
289
What is the greatest common divisor of 53660 and 100?
20
What is the greatest common factor of 105 and 290535?
105
What is the highest common divisor of 529 and 277495?
23
Calculate the greatest common factor of 5183 and 9869.
71
Calculate the highest common divisor of 229850 and 20.
10
Calculate the highest common divisor of 92175 and 825.
75
Calculate the highest common factor of 97 and 16105007.
97
What is the greatest common divisor of 623466 and 684?
342
Calculate the greatest common divisor of 4605 and 34691.
307
What is the highest common factor of 176 and 6105968?
176
Calculate the highest common divisor of 1876 and 15988.
28
Calculate the greatest common factor of 16005 and 582.
291
What is the highest common factor of 4992 and 1118?
26
What is the highest common factor of 34 and 412811?
17
What is the greatest common factor of 23507680 and 56?
56
Calculate the greatest common factor of 672 and 25356.
12
Calculate the greatest common divisor of 200900 and 28.
28
What is the highest common factor of 9412272 and 163?
163
Calculate the highest common factor of 6 and 231061.
1
Calculate the greatest common divisor of 32 and 757552.
16
What is the highest common factor of 347 and 1?
1
Calculate the greatest common factor of 4381 and 507.
13
What is the highest common factor of 891387 and 63?
63
Calculate the greatest common factor of 75 and 86595.
15
What is the highest common divisor of 574 and 14186?
82
Calculate the highest common divisor of 615969 and 769.
769
What is the highest common factor of 366 and 278?
2
Calculate the highest common divisor of 7936 and 15488.
128
Calculate the highest common divisor of 1758 and 150.
6
What is the highest common divisor of 585 and 387?
9
What is the greatest common factor of 213744 and 4380?
876
Calculate the highest common divisor of 66 and 61098.
6
What is the greatest common divisor of 38 and 299231?
19
Calculate the greatest common factor of 3 and 964995.
3
Calculate the highest common factor of 233411 and 202.
101
Calculate the highest common divisor of 366460 and 18980.
1460
What is the greatest common divisor of 59265 and 540?
135
Calculate the highest common divisor of 2398469 and 653.
653
What is the greatest common factor of 425 and 629?
17
Calculate the highest common factor of 1728 and 1368.
72
Calculate the greatest common factor of 1377431 and 22.
11
Calculate the greatest common divisor of 183 and 273463.
61
What is the greatest common divisor of 98303 and 68359?
197
What is the greatest common divisor of 189 and 1697661?
63
Calculate the highest common factor of 21744 and 9.
9
What is the highest common divisor of 238 and 6314?
14
Calculate the highest common factor of 110 and 6916690.
110
What is the highest common divisor of 205289 and 7?
7
What is the greatest common factor of 1053 and 11076?
39
Calculate the greatest common divisor of 1450 and 1800.
50
What is the greatest common factor of 49896 and 21912?
264
What is the highest common divisor of 3107 and 24139?
239
Calculate the greatest common divisor of 507 and 1690.
169
Calculate the greatest common divisor of 323 and 4967417.
323
Calculate the greatest common divisor of 160 and 1455.
5
Calculate the greatest common divisor of 12663 and 7371.
189
Calculate the greatest common divisor of 1057 and 12254858.
1057
What is the greatest common factor of 9153 and 42?
3
What is the greatest common divisor of 1536 and 460992?
192
What is the greatest common factor of 19519 and 894?
149
Calculate the highest common divisor of 4221 and 315.
63
What is the highest common factor of 12 and 123204?
12
Calculate the highest common factor of 565 and 5311.
113
What is the highest common divisor of 5858435 and 58?
29
Calculate the greatest common divisor of 28985 and 170.
85
Calculate the greatest common factor of 562 and 154269.
281
Calculate the highest common divisor of 856660 and 203.
203
Calculate the highest common factor of 25760 and 4140.
460
What is the highest common factor of 273532 and 56?
28
Calculate the highest common factor of 175 and 374815.
35
What is the greatest common factor of 6685 and 315?
35
What is the greatest common divisor of 40634 and 22?
22
What is the greatest common divisor of 77553 and 756?
63
What is the highest common divisor of 332 and 881460?
332
What is the greatest common divisor of 17369 and 1?
1
What is the highest common factor of 15718 and 163684?
542
Calculate the highest common divisor of 4150 and 1195.
5
Calculate the highest common divisor of 124936 and 497028.
2716
Calculate the highest common divisor of 486483 and 372.
93
What is the highest common divisor of 12871 and 3904?
61
What is the greatest common factor of 2327607 and 18?
9
What is the highest common factor of 2686 and 10?
2
Calculate the greatest common divisor of 44550 and 6.
6
Calculate the highest common factor of 905 and 1175.
5
What is the greatest common divisor of 519598 and 122?
122
Calculate the greatest common divisor of 13751163 and 886.
443
Calculate the highest common divisor of 4779 and 36045.
81
Calculate the highest common divisor of 68 and 41803.
17
What is the highest common divisor of 5801628 and 420?
84
What is the greatest common divisor of 495 and 41415?
165
What is the greatest common factor of 7913 and 451?
41
What is the highest common divisor of 1772 and 443?
443
Calculate the highest common divisor of 67228 and 1092.
28
Calculate the highest common divisor of 6680 and 890.
10
Calculate the greatest common divisor of 11 and 1026113.
11
Calculate the highest common factor of 1200 and 426.
6
Calculate the greatest common divisor of 22464 and 2376.
216
Calculate the highest common divisor of 20 and 341230.
10
Calculate the greatest common factor of 2037385 and 245.
35
What is the highest common divisor of 8020 and 3140?
20
What is the greatest common divisor of 52544 and 3136?
64
Calculate the greatest common divisor of 246208 and 64.
64
Calculate the highest common factor of 282 and 18.
6
Calculate the highest common factor of 133 and 67051.
19
Calculate the highest common factor of 43758 and 990.
198
What is the highest common factor of 513 and 621?
27
What is the highest common divisor of 6056 and 144?
8
Calculate the greatest common factor of 15870 and 2346.
138
What is the highest common factor of 6 and 2090442?
6
Calculate the highest common factor of 5544384 and 431.
431
Calculate the greatest common divisor of 377 and 145.
29
What is the highest common divisor of 348 and 54955?
29
What is the highest common factor of 563 and 2696207?
563
What is the greatest common divisor of 703001 and 26?
13
Calculate the greatest common divisor of 1200 and 7050.
150
Calculate the greatest common factor of 991666 and 52.
26
What is the greatest common factor of 292 and 30076?
292
Calculate the highest common divisor of 40758 and 1.
1
What is the highest common divisor of 4242 and 1946?
14
What is the greatest common factor of 5372 and 632?
316
What is the highest common divisor of 22126 and 16445?
299
What is the highest common factor of 96 and 44224?
32
Calculate the greatest common divisor of 2232 and 19840.
248
What is the greatest common factor of 48769 and 7?
7
Calculate the highest common divisor of 1365 and 1029.
21
Calculate the highest common factor of 228 and 4404.
12
What is the greatest common divisor of 3 and 2534?
1
Calculate the greatest common divisor of 161 and 43309.
161
What is the highest common factor of 147 and 248514?
21
Calculate the greatest common factor of 124 and 12.
4
Calculate the greatest common divisor of 9709 and 18907.
511
Calculate the highest common factor of 166 and 668897.
83
What is t